-4))/((-170)/(-68)). What is the highest common factor of r and 1?
1
Suppose -f + h + 25 + 1 = 0, 3*f - h - 74 = 0. Let j = -1 + 17. Calculate the greatest common factor of f and j.
8
Let w(o) = -3*o - 70. Let j be w(18). Let x be j*(5/2 + -4) - 4. Calculate the highest common factor of 130 and x.
26
Let y = 80 + -22. Suppose -5 = -2*l + 3, -5*l = -j + 502. What is the highest common factor of j and y?
58
Let h = 2569 + -2409. What is the greatest common factor of 5120 and h?
160
Let l = -15 - -19. Let w(n) be the first derivative of -n**2/2 + 2*n - 2. Let t be w(-2). What is the greatest common divisor of t and l?
4
Suppose -2*s + 358 = 4*i - 258, -5*i + 744 = -4*s. Suppose 4*c - 120 - i = 0. Calculate the highest common factor of c and 34.
34
Let f = -858 - -918. What is the greatest common divisor of 670 and f?
10
Let m(k) = 5*k + 64. Let l be m(-40). Let a be ((-57)/(-76))/(((-6)/l)/3). Calculate the greatest common divisor of a and 34.
17
Suppose 287*n - 333397 - 232280 = 0. What is the highest common factor of 511 and n?
73
Suppose -4*s + 8*s - 20 = 0. Suppose c + 2 = 0, -b + 2*c = -4 - s. Calculate the greatest common factor of b and 1.
1
Let s = 36 - 2. Let m be 13458/99 - (-58)/957. What is the highest common divisor of s and m?
34
Suppose z + 7 = c, 5*c + 7 - 30 = 2*z. Suppose c*n + 3*j = 8*j - 5, 2*n = 4*j - 6. What is the greatest common divisor of 8 and n?
1
Let a = -285 + 456. Let q = 206 + -92. What is the highest common divisor of a and q?
57
Let l be (-11)/(-4) + 5 + (-38)/8. Suppose l*m - 3 = 2*m + r, m - 5*r + 1 = 0. Let z = 8 + -4. What is the greatest common divisor of m and z?
4
Let g(o) = 7*o - 114. Let d be g(-12). Let b = d - -213. Calculate the highest common divisor of b and 195.
15
Let m be 7785/(-15) - (-2 + -2) - 4. Let p = 910 + m. What is the highest common divisor of p and 17?
17
Let t = 531 + -313. What is the highest common divisor of t and 10?
2
Suppose 2*l - 384 = -29*s + 25*s, 12 = 3*s. Calculate the greatest common factor of 27232 and l.
184
Let o be (-770)/8 - (136/32)/(-17). Let r be (-1)/(-2)*(-7)/(21/o). Suppose 0 = -4*b + 244 + 204. What is the highest common divisor of b and r?
16
Let u(l) = 2*l**2 + 12*l - 12. Let q be u(-8). Suppose 0 = -7*k - 7 + 28. Suppose 163 = 2*b - i, i = -0*i - k. Calculate the greatest common factor of q and b.
20
Suppose 172*u + 329 = 455 + 4690. Calculate the highest common divisor of 413 and u.
7
Let c(b) = -12 + 0*b - 10*b + 48 + 3*b. Let x be c(5). What is the greatest common divisor of x and 1?
1
Suppose 1041*s = 1028*s + 8372. What is the highest common factor of 713 and s?
23
Let y(k) = 6*k**3 - 21*k**2 + 23*k - 40. Let z be y(7). Calculate the greatest common factor of 253 and z.
23
Suppose 3*m - 9 = 6, 4*m - 425 = -3*u. Suppose w + 6*p - p - 25 = 0, -4*p = -4*w + 4. Suppose w*r = 16*r - 165. Calculate the highest common divisor of r and u.
15
Suppose t - 13 = 2*m, 62 = 4*t - m - 18. Suppose -t*a + 286 = -113. What is the highest common divisor of 323 and a?
19
Let z = 300 + -295. Suppose 5*y = -37*k + 32*k + 995, -4*k - 968 = -z*y. Calculate the greatest common factor of 147 and y.
49
Let f = 32 + 20. Let t be 1/((-65)/(-26)) + 189/15. What is the greatest common divisor of t and f?
13
Let y(w) = -389*w + 3275. Let x be y(-6). What is the highest common divisor of x and 71?
71
Let i = 103 + -63. Let f(g) = 4*g**2 - 165*g + 121. Let t be f(41). Calculate the greatest common divisor of i and t.
40
Let q = 39 - 39. Let f be (q - -1) + (-16 - -13). Let o be (-1348)/(-10) - f/10. What is the highest common factor of o and 30?
15
Suppose 12 = 2*n + 2*n. Suppose 5*a - 3*u = -47, -u = -3*u + 8. Let l be (4 + (-8 - a))*1/3. What is the highest common divisor of n and l?
1
Suppose -4*p - 55 = -5*p. Let s(t) = -2*t - 17. Let j(i) = -i**2 + i + 1. Let c be j(-3). Let l be s(c). What is the highest common divisor of l and p?
5
Let h be (4 + -2 - 1)*3. Let j(n) = 3*n**3 - 15*n + 12. Let y be j(h). Calculate the highest common factor of y and 84.
12
Suppose -121*t + 72405 = -216217 - 101845. What is the greatest common divisor of 7 and t?
7
Let x = -40696 - -40744. What is the highest common factor of x and 1616?
16
Let i be ((30 - 3)/(-9)*119)/(-1). Calculate the highest common divisor of i and 204.
51
Let b = -4100 + 4182. What is the greatest common divisor of b and 3936?
82
Suppose 26*w - 3*p = 25*w + 5, -w = -2*p - 6. What is the highest common divisor of 251 and w?
1
Let w be ((30/2)/3)/(7 - 6). Let y(z) = -14*z - 113. Let j be y(-12). What is the highest common divisor of j and w?
5
Let n = 17 - 26. Let f be ((-3)/(-108) - 2/n)*284. Suppose 2*a = 83 + f. Calculate the greatest common factor of 11 and a.
11
Let m = -592 - -839. Let d = m - 227. Calculate the highest common factor of 16 and d.
4
Let q be 1964/9 + ((-200)/90)/10. Let p be q/4 - (76/8 + -10). What is the greatest common factor of p and 22?
11
Let j = -4843 - -5376. Calculate the highest common divisor of 104 and j.
13
Let u = -247 - -527. What is the greatest common factor of u and 200?
40
Suppose 5*u = l - 26, 4*l - 4*u - 243 + 91 = 0. Suppose -2*y = -r + l, 2*r = 2*y + 115 - 31. What is the highest common factor of 43 and r?
43
Let w be 188/(-329)*(-203)/2. Suppose 0 = 3*i + 2*o - 91, -4*i - o + 118 = -0*o. What is the greatest common factor of w and i?
29
Let m be (1 - -1) + 132 - (-2 - -2). Suppose -m = 13*s - 966. Calculate the highest common factor of 12 and s.
4
Suppose -101*d + 1253417 - 49497 = 0. Calculate the greatest common divisor of 160 and d.
80
Let w be (3 - 6)*(-16)/6. Suppose 17 = -2*g + t, -g - w - 5 = -5*t. Let u be (-42)/g - 2/8. Calculate the highest common divisor of u and 10.
5
Let d = 2195 + -2083. Let j be 6/4*(-112)/(-12). What is the greatest common factor of d and j?
14
Let w be 12 - 7 - -10 - 10. Calculate the greatest common factor of w and 30.
5
Suppose -4*k + 22000 = 23*k + 23*k. Calculate the highest common factor of k and 4664.
88
Let d(t) = -t - 16. Let k be d(-4). Let v = k - -14. Suppose 0 = -v*q + q - 5, -4*r - 2*q = -230. Calculate the highest common factor of 24 and r.
12
Let u be 0/((-1)/(10/15)*2). Suppose 25*r - 14 - 1111 = u. What is the greatest common divisor of r and 27?
9
Let o = -19111 - -19689. Calculate the highest common divisor of 2176 and o.
34
Suppose -13*v + 9*v - 36 = -2*t, -4*t = -5*v - 78. Let f be (-19 - -13)*2/(-6). Let z be ((-616)/16)/((-1)/f). What is the highest common factor of z and t?
11
Let n(d) = 36*d - 734. Let t be n(24). Suppose 2*f = 2*w - 218, -2*w + 0*f + f = -219. Let g = -58 + w. Calculate the greatest common factor of g and t.
26
Suppose -4*a = -5*v - 242, -14*a + 10*a + 4*v = -240. Suppose -2*r - 44 = -a. What is the highest common divisor of r and 119?
7
Let k be 258/430*10/(-1). Let u be 441/9 + k/(-3). What is the greatest common divisor of 340 and u?
17
Let o(c) = 1033*c**3 - 3*c**2 - 2*c + 4. Let b be o(1). Let f = b - 954. Calculate the highest common factor of f and 2.
2
Suppose -o = -3*o. Suppose 3*u = -o*u. Suppose 0*y - y + 88 = u. What is the highest common divisor of 22 and y?
22
Let z = 4368 - 3738. What is the highest common factor of 12 and z?
6
Let z be (0 + 1/(-5)*0)/(-2). Suppose -g - 3*g - 2*k = -700, z = -5*g - k + 875. Calculate the greatest common factor of 35 and g.
35
Suppose -4*m = t - 2720, 4*m - 994 = 3*t + 1726. What is the greatest common divisor of m and 952?
136
Suppose -30*q = 5*y - 27*q - 199, 78 = 2*y + q. What is the highest common factor of y and 605?
5
Let u be 6/27 + (-27967)/(-63) + (-7)/49. Calculate the greatest common divisor of 78 and u.
6
Let w(x) = -17*x - 11. Let i be w(6). Let q = 97 + i. Let f(s) = -s**3 - 15*s**2 + 15*s + 14. Let l be f(q). Calculate the greatest common factor of l and 5.
5
Let t be 6*(52/8 + -4). Suppose 451 = t*p + 106. What is the highest common factor of p and 253?
23
Let q be 0/1 + 64/2. Let h be 55*((-1156)/85 - -20). Calculate the highest common factor of q and h.
32
Suppose 9*m + 86 = 3*u + 10*m, 60 = 2*u + 2*m. Suppose -3*y + 54 - 10 = 5*l, -2*l + 4*y + 2 = 0. Calculate the highest common factor of l and u.
7
Let s = -9359 - -9597. Calculate the greatest common factor of 1134 and s.
14
Let t be ((-12)/10)/((-28)/70). Suppose -3*h + 1521 = t*y, y - 6*